the tens digit of r(5)?
8
Let m(p) = -8*p - 4. Let r be m(6). Suppose -6*v + f = -v + 2, -3*v + 3*f = -6. What is the tens digit of r/v + (-8)/(-4)?
5
Let k(i) = i**2 - 10*i - 7. Let x be k(13). Suppose -2*m - 85 = -3*z - 3*m, -z - 4*m = -x. What is the units digit of z?
8
Let g(h) = h**2 - 4*h - 8. Let j be g(6). Let u = 16 - -124. Suppose o - u = -j*o. What is the units digit of o?
8
Let j be (660/42)/((-2)/(-14)). Let i = j + -72. What is the units digit of i?
8
Suppose -5*g - 2 = 18, -4*f + 3*g - 228 = 0. Let o = f + 153. What is the tens digit of o?
9
Let u = 9243 + -6182. What is the tens digit of u?
6
Let s = 16 + -16. Suppose 2*l + s*l - 30 = 0. What is the units digit of (-2)/2 + 135/l?
8
Let r = 148 - -312. What is the hundreds digit of r?
4
Let w be 3/(0 - 9/(-24)). Let i = w - 6. Suppose 5*v + 4*q = -q + 65, -38 = -i*v + q. What is the tens digit of v?
1
Let u(y) = -y**3 + 16*y**2 - 3*y + 19. What is the hundreds digit of u(11)?
5
Suppose -251*c + 259*c = 29680. What is the hundreds digit of c?
7
Let o = 2840 - 646. What is the tens digit of o?
9
Suppose 630 - 3400 = -5*h. What is the tens digit of h?
5
Let c(p) = p**3 - 10*p**2 + 28*p + 14. What is the thousands digit of c(16)?
1
Let q be ((-1)/5)/(11/(-55)). Let y(c) = -60*c - 1. Let o be y(q). Let p = o + 85. What is the tens digit of p?
2
Let z(x) be the first derivative of x**4/4 + 62*x - 57. Let p(s) = -s**3 + 6*s**2 + 7*s. Let a be p(7). What is the units digit of z(a)?
2
Let j(s) = 11*s + 109. What is the units digit of j(9)?
8
Let k = 30 - 30. Suppose -5*z + 450 = 5*o - 2*z, k = 4*o + z - 367. What is the units digit of o?
3
Suppose -2*z + 588 = 32. Let f = -156 + z. What is the units digit of f?
2
Suppose 0 = 2*z + 3*h - 4477, -2*h = 112*z - 114*z + 4462. What is the units digit of z?
4
Let v(h) = -4*h**2 - 4*h - 2. Let y be v(-4). Let m = y + 228. What is the units digit of m?
8
Suppose 17 = 5*t + 2. Suppose -t*i = -i - 18. Suppose -2*o - i + 3 = 3*v, o - 19 = 4*v. What is the units digit of o?
3
Suppose 0 = -p - 5*p + 24. Suppose 4*n + l = 224, 3*n + p*l = 3*l + 169. What is the units digit of n?
5
Suppose -795*q = -799*q + 6224. What is the units digit of q?
6
Let i = -326 - -733. Suppose -5*k = -5*a + 785, 5*a + 2*k - i = 364. What is the units digit of a?
5
What is the hundreds digit of (110/(-4))/(5 - (-62)/(-12))?
1
Suppose 3*f - 61 = 2*x, 3*f = x + 2*x + 60. Suppose 3*k - 27 = f. Suppose 4*s - k = -i, 5*i = 3*s + 4*i - 19. What is the units digit of s?
5
Suppose -5 = -2*m + 3. Suppose -w - 4*w - 4*c = m, -4*w = -4*c + 32. What is the units digit of (w/6)/((-5)/180)?
4
Let s = -294 + 2619. What is the tens digit of s?
2
Let n be 1/2 + (-1)/(-2). What is the tens digit of -90*((-9)/(-15) - n)?
3
Suppose 109 - 1699 = -2*s. Let q be ((-2)/(-6))/(5/s). Suppose 40 + q = 3*z. What is the tens digit of z?
3
Suppose -314 = -2*n + 2*h, -2*n - 4*h = -2*h - 310. What is the hundreds digit of n?
1
Let c(i) = 1389*i**2 - 4*i + 4. What is the hundreds digit of c(1)?
3
Suppose 0*p + 27 = -3*p. Let w(k) = -k**3 - 18*k**2 - 16*k + 11. Let u be w(-17). Let g = u - p. What is the units digit of g?
3
Suppose 177*g - 27*g - 159150 = 0. What is the tens digit of g?
6
Let i be 57/((-2 + 1)/(-1)). Suppose -135 = -4*f + i. Let d = -20 + f. What is the tens digit of d?
2
Suppose -t = -2*d + 34, -d + 0*t = -5*t - 26. Let q = 77 - d. What is the units digit of q?
1
Suppose -5*g + b + 376 = 0, -3*b = -10*g + 5*g + 378. Suppose -p = -1 - 3, 3*p - 153 = 3*a. Let z = a + g. What is the tens digit of z?
2
Suppose 0 = -6*o - 3*o + 1656. What is the tens digit of o?
8
Suppose 0 = 2*t - 3*s - 62, -94 + 3 = -3*t + 4*s. Let i be (0 + -1)*t + 0. Let o = i - -48. What is the units digit of o?
3
Let b be (-12)/(-10)*(1 + 9685/15). Suppose 5*a - b = -3*a. What is the units digit of a?
7
What is the tens digit of -1 + (-2645)/(-8 + 3)?
2
Let n(u) = 3*u**2 + 21*u + 13. What is the hundreds digit of n(16)?
1
Let u be (-2)/(-2)*4599*(1 - 2). What is the units digit of u/(-14) + 1/2?
9
Let m be ((-1)/((-3)/348))/(5 - 3). Suppose 5*d + 150 = 3*r - m, 2*r - 2*d = 144. What is the tens digit of r?
7
Let j(q) = q**2 + 3*q + 6. Suppose 0 = -2*p - 4*g, 0*g + g + 14 = 3*p. Suppose -3*y - 4*w + 33 = -w, -p*w + 8 = -2*y. What is the units digit of j(y)?
0
What is the hundreds digit of (-4)/14 - (-3156)/21?
1
Let k = 10 - -5. Let v(z) = z**2 + k*z - 23 + 1 + 8. What is the units digit of v(-16)?
2
Let r(w) be the third derivative of -w**6/120 - w**5/10 - w**4/6 - 10*w**2. Let y be r(-4). What is the units digit of y/24*(-3 + 0)?
2
Let c = 1281 + -695. Suppose -6*t = -t - 3*n - 602, 5*t - c = -n. What is the hundreds digit of t?
1
Let v be 1 - 0/3 - 42. What is the tens digit of 2/(-3)*(v - 4)?
3
Let x(k) = -k**3 + 16*k**2 + 14*k + 7. Let b be x(17). Let j = 4 - b. What is the tens digit of j?
4
Suppose 39*m + 11454 = 85242. What is the thousands digit of m?
1
Let c(d) = 3*d**3 + 12*d**2 + 15*d. Let q(b) = -16*b**3 - 60*b**2 - 75*b - 1. Let p(i) = -11*c(i) - 2*q(i). What is the units digit of p(-12)?
2
Let l(g) be the first derivative of g**2/2 + 2*g - 3. Let i be l(6). Suppose 5*b = 5*f - 47 - i, 4*b - 31 = -f. What is the units digit of f?
5
Let p(n) be the first derivative of -n**4/4 + 3*n**3 - 4*n**2 - 4. Let o be p(7). Let g = o + -11. What is the tens digit of g?
3
Let s(z) be the third derivative of -1/3*z**3 - 7*z**2 + 0*z + 1/15*z**5 + 0 + 1/12*z**4. What is the units digit of s(-4)?
4
What is the units digit of (-7 + 16)*(-22)/(-12)*8?
2
Let s = -97 + 55. Let m = s - -122. What is the tens digit of m?
8
What is the units digit of 70/4*(202/5 - 2)?
2
Let s = 24 - 48. Let v = 107 + s. What is the units digit of v?
3
Let l(o) = -10*o**3 + 6*o**2 + 28*o + 14. What is the hundreds digit of l(-6)?
2
Let f(r) = -r**2 - 14*r + 5. Let a be f(-6). Suppose -x = 4*m - 9*m - a, -3*m = 0. What is the tens digit of x?
5
Let i = -19 + 20. Let b(w) = -i + 2 + 5*w**2 + 7*w - 23*w + 12*w. What is the units digit of b(3)?
4
Let z(v) = v**2 + 11*v - 16. Let h be z(-12). Let t = 0 - h. Suppose -5*j = -t*l - 0*l + 28, -2*l + 5*j = -14. What is the units digit of l?
7
Let f = 14 - -2. Suppose -t + f = t - 4*i, -5*i - 2 = 2*t. Suppose -t*j = -j - 21. What is the units digit of j?
7
Let i be 2*8/(-4) - -40. Let t = i + 21. What is the tens digit of t?
5
Let t = -102 - -104. Suppose 4*c - m - 85 = 4*m, -c = t*m - 31. What is the units digit of c?
5
Let h(r) = 4*r**2 - 22*r - 15. Let b(x) = x**2 - 7*x - 4. Let c(n) = 7*b(n) - 2*h(n). Let i = 4 + -8. What is the units digit of c(i)?
6
Let b(h) = -2*h + 15. Let m be b(-3). Suppose 2*r - 3*r = -8. Let i = m - r. What is the tens digit of i?
1
Let m(x) = x**2 - 14*x + 7. Let j = -60 + 55. What is the units digit of m(j)?
2
Suppose -r + 639 = -330. What is the units digit of r?
9
Suppose 5*z - 240 = r, 0 = 3*z - 3*r - 0*r - 156. Suppose 17 - z = 5*q. What is the units digit of ((-21)/(-9))/((-2)/q)?
7
Let g(s) be the first derivative of s**3/3 - 2*s**2 + 6*s - 5. Let p be g(4). What is the units digit of p*(28/8 + -2)?
9
What is the thousands digit of -2 - 646*(-9)/2?
2
Let t(f) = f**2 + 6*f - 7. Let x = -33 + 26. Let i be t(x). Suppose -5*n + 2*n + 108 = i. What is the tens digit of n?
3
Let r be (-19)/4 - 2/8. Let k(c) = 9*c - 99. Let u be k(14). Let l = u - r. What is the tens digit of l?
3
Let u = -26 - -30. Suppose -10*k = -u*k - 228. What is the units digit of k?
8
Let w = -82 - -86. Let h = w - 3. What is the units digit of h?
1
Let h(x) = 15*x + 358. What is the tens digit of h(11)?
2
Let g be 26/((-3 + -1)/12). Let k = -146 - g. Let u = 118 + k. What is the units digit of u?
0
Let z(i) = 69*i - 72. What is the tens digit of z(11)?
8
Let r(z) be the first derivative of -2*z**2 + 45*z + 19. What is the units digit of r(10)?
5
Let f(t) = 6*t - 1. Suppose h - 1 = -5*v + 4*h, h - 7 = -2*v. Let g be f(v). What is the units digit of 154/g + 1*-3?
1
What is the hundreds digit of (-22096)/(-32) - (-3)/(-2)?
6
Let z(x) = -156*x + 3. Let d be z(-2). Suppose 0 = -y - 4*y + d. Let h = y + -20. What is the units digit of h?
3
Let d = -19 + 39. Suppose 2*q - d = -3*q. Suppose -5*g + 230 = -s, q*s - 3*s + 46 = g. What is the tens digit of g?
4
Let l = 802 + 417. What is the thousands digit of l?
